1 + 3. Let j(p) = p**3 - 5*p**2 + 6*p - 2. What is the units digit of j(b)?
6
Let l = -16 + -53. Let o = -45 - l. What is the tens digit of o?
2
Suppose -2*k = 2*k - 40. Let j be 1*11 - (-20)/k. Suppose 2*a - 3 = j. What is the units digit of a?
8
Let n(c) = -11*c**3 + 3*c**2 + 5*c + 1. What is the tens digit of n(-2)?
9
Let u be (-2)/(-7) - (-38)/14. Suppose -u*t + 6 = -147. What is the tens digit of (t/12)/((-1)/(-4))?
1
Suppose 2*c + 60 = 6*c + 4*k, -4*k + 12 = c. What is the units digit of c?
6
Let h = -1 + 5. Suppose h*s = 7 + 49. What is the units digit of s?
4
Suppose -3*y = 15, 4*g - 3*y - 29 = 14. Let i(n) be the third derivative of -n**4/24 + 8*n**3/3 + n**2. What is the units digit of i(g)?
9
Suppose -2*n - 4*x = 12, 3 = -4*n - 5*x - 9. What is the units digit of (-27)/(-3) - (-4)/n?
1
Suppose -4*k + 245 = 3*r, -r - 3*r + 4*k = -280. What is the units digit of r?
5
Let d = -1 - -2. Suppose o + d = 8. Let a(y) = -y**3 + 6*y**2 + 7*y + 7. What is the units digit of a(o)?
7
Let c be (-59 + 1)/(2/(-3)). Suppose 0 = -5*b - 2*k + 126, -21 - c = -5*b + 4*k. Let q = -17 + b. What is the units digit of q?
7
Let y(o) = o**3 + 6*o**2 - 9*o - 9. Let q be y(-7). Suppose 3*v + 22 = q*v. What is the tens digit of v?
1
Let c = -10 - -5. Let f = -3 - c. Suppose 14 = 3*h + 2*t - 7, f*h - 14 = 5*t. What is the units digit of h?
7
Let m(c) = -c**3 - 3*c**2 + 5*c + 4. Let n be m(-4). Suppose n*k + 5*k - 50 = 0. Suppose 9*g - k = 4*g. What is the units digit of g?
2
Let d(g) = -2*g**3 - 9*g**2 - 11*g - 13. Let l(z) = -z**3 + z**2 - 1. Let v(m) = d(m) - l(m). Let i = 0 + -9. What is the units digit of v(i)?
6
What is the units digit of (-8 + -34)*(-2 + 1)?
2
Let y = -110 + 220. What is the hundreds digit of y?
1
Suppose 4*r - v - 76 = -25, -2*v + 52 = 3*r. What is the units digit of r?
4
Suppose d + 4*d - 41 = 4*o, -22 = 3*o + 5*d. Let k = -8 - o. What is the units digit of k?
1
Let f(d) = d**3 + 5*d**2 + d - 3. What is the units digit of f(-3)?
2
Let k = -6 + 57. What is the tens digit of k?
5
Let s(z) = z**2 + 4*z - 1. Let f be s(-4). Let y(t) = t**3 + 2*t**2 - t - 1. Let i be y(f). Let r = i - -7. What is the units digit of r?
8
Let i be ((-104)/12)/(3/9). Let k = i - -56. What is the tens digit of k?
3
Suppose 4*r = 0, 5*g = 3*r - r - 5. Let o be (-8 - (0 + -2))*g. Let l = o - 4. What is the units digit of l?
2
What is the units digit of -5 + 4 + 84/2?
1
What is the hundreds digit of 1416/20*(3 - (-1)/3)?
2
Let h(z) = -z + 2. Let y be h(1). Let c(i) = 23*i**2 - 1. What is the tens digit of c(y)?
2
Suppose -3 = -2*q + 3*p - 1, -5*q - 2*p + 24 = 0. Suppose -q*b = -2*b + 34. Let d = b - -24. What is the units digit of d?
7
Suppose -3*x - 2*x + 25 = 0, 0 = 5*u - 5*x - 15. What is the tens digit of u/3*147/28?
1
Let g = 2 - -37. Suppose 2*l = l - 2*p + 18, 3*p = -2*l + g. What is the tens digit of l?
2
Suppose 23 = 4*r - 81. Suppose 0 = -4*l - v - 6 - 6, 0 = 3*l + 5*v + r. What is the units digit of 4/6 + l/(-6)?
1
Let w be 4/(-6) + 35/21. Suppose -s + w = -h, -2*h + 9 = 3*s - 14. What is the units digit of h?
4
Let i(p) = -2*p. Let s be i(4). What is the units digit of s/28 - 149/(-7)?
1
Let v be 1 - (-18)/(4 + -1). Suppose -2*d = -a - v, a = -d - a + 16. What is the units digit of (-3)/d + 18/4?
4
Let w(k) = 3*k**2 + k + 7. Let d(m) = -7*m**2 - 2*m - 14. Let r(t) = 2*d(t) + 5*w(t). Let p(a) = a**2 + 4*a. Let g be p(-4). What is the units digit of r(g)?
7
Let f be (-5 + 3)/(-2) - -3. Suppose -f*a + 10 = -6. What is the units digit of a?
4
Let j(m) = 16*m - 10. What is the hundreds digit of j(9)?
1
Let y be (0 + 1)/((-3)/(-9)). Let v = 3 - y. Suppose 4*c - 5 - 3 = v. What is the units digit of c?
2
Let h(d) = -d**3 - 7*d**2 - 10*d - 12. What is the tens digit of h(-6)?
1
Let y = -18 - -36. What is the tens digit of y?
1
Suppose -39 = -5*h + 2*j + 24, 3*h = 5*j + 53. What is the units digit of h?
1
Suppose -c = -2*v + 14 - 93, -4*v - 296 = -4*c. What is the tens digit of c?
6
Let p(x) = 6*x - 2. Let s(k) = 6*k - 2. Let m(v) = -4*p(v) + 5*s(v). What is the tens digit of m(2)?
1
Let c = 8 - 8. Let w = c + 11. What is the units digit of w?
1
Suppose 8*i - 11*i = -18. Suppose 0 = 7*b - i*b - 31. What is the units digit of b?
1
Let w(m) be the second derivative of -2*m**3/3 + 6*m. What is the units digit of w(-7)?
8
Suppose d - 2*d - 5*c = -72, -178 = -3*d + 4*c. What is the tens digit of d?
6
Let r = -2 + 0. What is the units digit of 3/(1 + r - -2)?
3
Suppose 0*l - 75 = -l. Let y = l - 46. What is the tens digit of y?
2
Suppose -6*s + 11*s = 1740. What is the hundreds digit of s?
3
Let d = 42 + 5. What is the units digit of d?
7
Let t(n) be the second derivative of n**5/20 + 7*n**4/12 + n**3/2 - n**2/2 - 2*n. What is the tens digit of t(-6)?
1
Suppose -4*h = -3*h. Suppose -4*s + h*s = 24. Let g = s - -14. What is the units digit of g?
8
Let p be 0/(-3) + (-4)/2. What is the units digit of (-1)/(p*(-3)/(-18))?
3
Suppose -368 = n - 5*n. What is the units digit of n?
2
Suppose 7 = -2*c + 31. Suppose 2*m - 16 = c. What is the units digit of m?
4
Let x(p) = -p**2 - 10*p + 8. Let l(o) = -2*o**2 - 11*o + 7. Let k(u) = -2*l(u) + 3*x(u). What is the units digit of k(7)?
3
Let k be -3*(-1)/(-3)*-5. Let f be (8/k)/((-10)/(-25)). Suppose -16 = 2*c - f*c. What is the units digit of c?
8
Suppose 9 = -2*u + 5*u. Suppose u*b = -2*b + 110. What is the tens digit of b?
2
Let z be (1 - 3/(-2))*2. Let k(f) = 2*f + 5. Let m be k(z). Suppose 0 = 5*l + x - m, -x + 4*x = -2*l - 7. What is the units digit of l?
4
Let f = 7 - 2. Let a = 13 - f. Suppose t + v = -0*t + a, 6 = 3*v. What is the units digit of t?
6
What is the tens digit of (-1)/((-4)/(-188)*-1)?
4
Suppose 4*q + 8 = 4*c - 0, -2*q - 8 = -4*c. Suppose 2*k - 6 - 4 = q. Suppose 5*o + k*i = -14 + 49, -i = -2*o + 17. What is the units digit of o?
8
Suppose 0 = 3*b - 4*n + 17 - 73, -5*b + 70 = 5*n. What is the tens digit of b?
1
Suppose -y + 54 = -3*b, -y + 122 = 2*y - b. Suppose -y = -2*i + 5. What is the units digit of i/3 - (-2)/(-6)?
7
What is the units digit of (1 + 2)/(3/20)?
0
Let v(j) = -j**2 - 2*j + 27. What is the units digit of v(0)?
7
Let r = -19 + -2. Let a = -9 - r. What is the units digit of a?
2
Let b(a) = -3*a**3 + a**2 - 5*a + 2. Let n(l) = 3*l**3 + 6*l - 3. Let h = -3 + 0. Let p(s) = h*n(s) - 4*b(s). What is the units digit of p(2)?
3
Let u be (-26)/(-7) - (-2)/7. Suppose 3*m = -u*b - m + 36, 2*m + 52 = 5*b. What is the units digit of b?
0
Suppose 6*a - 7*a = -35. What is the tens digit of a?
3
Suppose -2*q - t + 142 = 0, -2*q + 220 = q + 5*t. What is the tens digit of q?
7
Suppose o = -2*n - 65, 4*n = 2*o + 64 - 174. Let y = -18 - n. What is the tens digit of y?
1
Let g be ((-16)/20)/(2/20). Suppose 6*l = 2*l + 100. Let x = g + l. What is the tens digit of x?
1
Suppose 0 = x + 5*b - 20, -b = -3*x - x + 38. What is the tens digit of x?
1
Let a(m) be the first derivative of m**3/3 - 7*m**2/2 - 4*m + 1. Let c be ((-32)/6)/((-6)/9). What is the units digit of a(c)?
4
Let p be 3 + (-2*5)/2. Let i = 1 - p. Suppose -24 - 9 = -i*d. What is the tens digit of d?
1
Let p(s) = s**2 - 4*s. Let v be p(6). Suppose -v = -2*b - 2*b. Suppose b*a + a = 60. What is the units digit of a?
5
Let l = 189 + -89. What is the tens digit of l?
0
Let b(a) = a + 6. Suppose -s + 5*o - 18 = 0, -4*o = -4*s - 7*o - 26. Let p be b(s). What is the units digit of (9/2)/((-1)/p)?
9
Let r(a) = -41*a**3 - a**2 - a - 1. Let l be r(-1). Suppose l = -h + 6*h. What is the units digit of h?
8
What is the tens digit of (-3)/(-1 + (-36)/(-39))?
3
Let x be -2 + (-1 - -5) - 0. Suppose 4 = u + x. Suppose -r + u = n, 4*r - 5*n = 61 - 17. What is the units digit of r?
6
Suppose s = -3*l + 399, 0*s = -2*l - 4*s + 256. What is the tens digit of l?
3
Let r(w) = -w**3 - 6*w**2 + 6*w + 2. Let d be r(-7). Let t be 6/d*(1 + -4). What is the units digit of (t - (-21)/(-3))*-1?
9
Suppose -30 = -4*b + b. Suppose z = -4*z + b. Suppose -2 = z*p - 3*p. What is the units digit of p?
2
Let a = 13 - 23. Let m = 17 + a. Let c(v) = -v**2 + 9*v - 8. What is the units digit of c(m)?
6
Let s(c) = c + 5. Let o be s(-4). Let a = -1 + o. What is the units digit of -2 - (-6 + a + 2)?
2
Let n = 68 + -14. What is the tens digit of n?
5
Let t(r) = -r**3 - 8*r**2 - 7*r + 4. Let a be t(